 - 434. What is the tens digit of j?
1
Suppose -38 - 2 = -4*a. What is the units digit of (-2*13)/(1*(-5)/a)?
2
Let f = 131 - 86. Let d = 96 - f. What is the tens digit of d?
5
Suppose -4*b - 398 = -11510. What is the units digit of b?
8
Suppose j + n - 784 = 0, n - 3220 + 870 = -3*j. What is the hundreds digit of j?
7
Let c(w) = -w**3 - 3*w**2 - 2*w - 35. What is the units digit of c(-10)?
5
Suppose -3*j = -8*j + 25. Let a(h) = 54*h - 56. What is the units digit of a(j)?
4
Let y = 577 - 99. What is the units digit of y?
8
Let i(x) = -x**3 - 7*x**2 + 4. Let g be i(-7). Suppose -2*a + 29 = -g*h - 101, 3*a - 5*h - 190 = 0. What is the units digit of a?
5
Let c be (-1 - -10) + -3 - 2. Suppose 40 = c*j - 52. What is the units digit of j?
3
Let i be (-7)/(-3) + (42/(-9))/(-7). Suppose 2*d - 35 = -p, -6*d + 5*d - 112 = -i*p. What is the tens digit of p?
3
Let m = 34 + -44. Let b = m - -15. Suppose -3*u + 164 = -b*f, 3*u - 3*f = -78 + 252. What is the tens digit of u?
6
Let a = -9 - -5. Let c be (a - -3)*-4 + 0. What is the tens digit of (6/(-3))/c*-44?
2
Let o(r) = 502*r - 164. What is the thousands digit of o(7)?
3
Suppose -5*j = 35 + 65. Let u be (j/15)/((-1)/3). Suppose u*l + 2*q = 106, q - 3*q - 34 = -l. What is the tens digit of l?
2
Let q = 12 - -22. Let r = q - -6. What is the units digit of r?
0
Let s = -251 + 589. What is the hundreds digit of s?
3
Let l = -2 + 2. Suppose -55*o + 49*o = -30. Suppose -c = -k + 22, l*c - o*c + 46 = k. What is the tens digit of k?
2
Let p(t) = t**3 - t**2 + t + 20. Let l be p(0). Let w = l - -37. Suppose -w = -2*d - d. What is the units digit of d?
9
Let l = 6752 + -4348. What is the thousands digit of l?
2
Suppose 17*v = -18*v + 31885. What is the hundreds digit of v?
9
Suppose -2*g - 3*v = v + 1110, g + 565 = -4*v. Let k = -375 - g. What is the tens digit of k?
7
Let o = 420 - 590. Let l = 6 - o. What is the units digit of l?
6
Suppose -5*p + s = -6*p + 19, s = 5*p - 83. Suppose -2*z = 4*h + 26, 5*z + h = 2 - 58. Let y = z + p. What is the units digit of y?
6
Suppose k - 4*a - 1850 = 0, -81*k - 5610 = -84*k - 3*a. What is the thousands digit of k?
1
Suppose 0*r - r + 4*u + 550 = 0, 4*r - u = 2155. What is the units digit of r?
8
Let v be (-2)/(13/5 - 3). Suppose 5*x = 5*p + v, -4*x + 32 + 0 = 3*p. Suppose -x*d + 3*g + 98 = 0, 0 = -2*d - 0*g + 2*g + 36. What is the units digit of d?
2
Suppose d + 429 = 4*d. Suppose 0 = -4*f + 47 - d. What is the tens digit of -1 - 4/4 - f?
2
Let n be -1 + 4*1/2. Let w(c) = c - 1. Let y(a) = -11*a - 6. Let r(q) = n*y(q) + 6*w(q). What is the tens digit of r(-5)?
1
Suppose 4*s + 2*f = -0*f + 32, -2*f - 8 = 0. Suppose -5*n = s*n - 3885. What is the units digit of n?
9
Let n = 17 - 19. Let p = n - -80. What is the units digit of p?
8
What is the units digit of (1460/25 - 0)/((-44)/(-2090))?
4
Let u be (-1)/((20 - 19)*(-1)/417). Let v = -126 + u. What is the units digit of v?
1
Suppose -3*r = 3*g - 42, 5*g + 2*r = 53 + 14. Let s = 9 + g. What is the units digit of s?
2
Let x be 33/12 - (-1)/4. Suppose -4*q + 3*q + 5*s = -62, 0 = 5*q - x*s - 288. Suppose 53 = 5*t - q. What is the units digit of t?
2
Suppose -2*p + 8 = 4*a, 3*a - 5 = 5*p + 1. Suppose -w + 2*w - 29 = p. What is the units digit of w?
9
Suppose -2*z - 4 - 20 = 0. Suppose 2*a = 6 - 0. What is the tens digit of 2/a*(-234)/z?
1
Suppose 6*i - 3841 = 125. What is the tens digit of i?
6
Let x(t) = t**3 + 22*t**2 + 15*t + 56. What is the tens digit of x(-9)?
7
Let z = 18 + -10. Suppose 3*q = z*q - 780. Suppose 2*b - 128 = -2*b - 4*h, -5*b = h - q. What is the tens digit of b?
3
Let f(t) = -t**3 - t + 2. Let k be f(0). Let b(d) = -2*d**2 + 5*d**k + 0*d - 4*d - d + d**3. What is the units digit of b(-4)?
4
Suppose 3*a + 2*m = 3*m + 53, 5*m = -10. Let x = a + -12. Suppose 0 = x*g + 25, -39 = -d - 0*g + 2*g. What is the tens digit of d?
2
Let f be (-11378)/(-14) + 2/7. Let b = f - 525. What is the units digit of b?
8
Suppose -4*c + 1542 = u - 3*u, c - 5*u - 390 = 0. What is the units digit of c?
5
Let c = -723 + 1026. What is the units digit of c?
3
Let g(h) = -117*h + 166. What is the units digit of g(-5)?
1
Let n = 451 + -206. What is the units digit of n?
5
Let l be 4/2*2 + 1. Suppose -5*o = -20 - l. Suppose s + 14 = w, -w + 45 = o*s + 7. What is the tens digit of w?
1
Suppose 76*j = 85*j - 108. What is the units digit of j?
2
Suppose 13*w = 9*w + 12. Suppose -2*v = 1 - 9. Suppose -v*d - 2*k + k + 69 = 0, 0 = -w*d + k + 57. What is the tens digit of d?
1
Let r(c) = c**3 + 8*c**2 + 6*c - 5. Let h be r(-7). Suppose 130 = 5*q - 0*q. Suppose h*y - q = 10. What is the tens digit of y?
1
Suppose -3*q - 840 = -f - 4*q, -10 = -5*q. What is the hundreds digit of f?
8
Let k = -401 + 552. What is the hundreds digit of k?
1
Let s(f) = f**2 - 15*f - 19. Let m be s(16). What is the units digit of (-2)/9*6*m?
4
Let f(w) = 4*w**2 - 12. Let x be f(5). Let l = x - 47. Suppose a - l = -3*m, 0 = -4*a + 2*a + 4. What is the units digit of m?
3
What is the tens digit of (-3 - 9)/(4/(-110))?
3
Let f(k) = -5*k. Let d(t) = -t**2 + 6*t - 5. Let v be d(4). Suppose -v*y - 18 + 6 = 0. What is the units digit of f(y)?
0
Let m(l) = l**3 - 27*l**2 + 29*l + 20. What is the units digit of m(27)?
3
Let h(s) = -6*s**3 + s**2 + s - 2. Let y be h(-2). Let x be ((-2)/4)/(-3*8/96). Suppose -x*i = -y + 10. What is the units digit of i?
9
Suppose 1796 = 16*j - 25500. What is the hundreds digit of j?
7
Let k(w) = 41*w**3 - 1. Let i be k(1). Let u be ((-9)/6)/((-6)/16). Suppose -31 = -3*l - 4*r + i, u*r = -l + 29. What is the tens digit of l?
2
Let s = 2320 - 1035. What is the hundreds digit of s?
2
What is the tens digit of -10*(-5 + ((-868)/8 - 6))?
9
Let q = 1664 - 832. What is the tens digit of q?
3
Let g = -468 - -1247. Suppose 0 = -5*f - 49 + g. What is the tens digit of f?
4
What is the hundreds digit of (-2)/9 - ((-9911)/9 - 4)?
1
Suppose 10*z - 2089 = 31491. What is the thousands digit of z?
3
Let z = -1190 - -1650. What is the tens digit of z?
6
Let k be 4/32*4*-2. What is the units digit of 1 + (4 - (-2)/k)?
3
Suppose 7*z = 4*z - 9. What is the units digit of (-4)/z*(25 + 2)?
6
Let f(g) = -18 + 3*g - 7*g - 5*g - 5. Suppose -2*k - 37 = -17. What is the tens digit of f(k)?
6
Suppose 18 = 3*z + 5*q - 29, -z + 5*q + 49 = 0. Let p(v) = v**3 - 23*v**2 - 22*v + 25. What is the tens digit of p(z)?
7
Suppose -4*x - 5414 = -5*v, -3*v + x = -6*v + 3262. What is the tens digit of v?
8
Suppose 6*x - 2704 - 1814 = 0. What is the tens digit of x?
5
Let s = -108 - -48. Let q = -27 - s. What is the tens digit of q?
3
Let i = -78 - -469. What is the hundreds digit of i?
3
What is the tens digit of (26375/(-15) + 3)/((-2)/3)?
3
What is the tens digit of ((-4)/(-28) + (-1935)/(-175))*550?
6
Suppose 0 = 3*u + 2*u - 35. Let p(o) = 20 + o**2 + 12*o - u + 0*o**2. What is the units digit of p(-12)?
3
What is the thousands digit of 3/(2*3/2188)?
1
Let f = 124 + -120. Let x(r) be the first derivative of -r**3/3 + 5*r**2/2 - r + 1. What is the units digit of x(f)?
3
Suppose 0*p - 4*p = 16. Let k be (-9)/(-36) - (-97)/p. What is the units digit of ((-98)/6)/(8/k)?
9
Let t(u) = u**2 - 5*u + 508. What is the units digit of t(0)?
8
What is the hundreds digit of (-17 + 15)*3158/(-4)?
5
Suppose -3*y + 2*b + 36 = 0, 0*b = 2*y - 4*b - 24. Suppose -329 = 5*f - y*f. What is the tens digit of f?
4
Let h = 3 + 1. Let r be 135/30*2/3. Suppose h*v - 32 = 3*f + f, -r*v - f = -4. What is the units digit of v?
3
Suppose q + 452 = 3*q - 4*y, -4*y = -5*q + 1136. What is the tens digit of q?
2
Let k(t) be the first derivative of -t**3/3 - 6*t**2 + t - 7. Let b be k(-9). Suppose 5*y - 3*y = b. What is the tens digit of y?
1
Let j(w) = 8*w**2 - 3*w - 5. Let l = -35 - -30. Let o be j(l). What is the tens digit of 96/14*o/20?
7
Suppose -16 = 4*d + 4*f, 6*f - f = -4*d - 11. What is the units digit of (-3 - d/15)/((-15)/550)?
8
Suppose -4*d + 1994 = 2*t, t - 611 - 381 = 3*d. What is the tens digit of t?
9
Let z(n) = n**3 + 15*n**2 + 12*n + 14. Let t be z(-14). Suppose -y - 4*m = t, 2*m + m - 96 = 3*y. Let g = -20 - y. What is the units digit of g?
4
Let z(p) be the third derivative of p**5/30 - p**4/3 + 31*p**3/6 + 6*p**2. What is the tens digit of z(13)?
6
What is the thousands digit of (991/(-4))/((-9)/72